ivided by p?
11
Let g(j) = 30*j + 4. Let a(q) = -q**2 - 2*q + 12. Suppose 0 = -2*i - 0 - 4, -10 = 2*h + i. Let v be a(h). Calculate the remainder when g(v) is divided by 25.
24
Let q(d) = -3*d**2 + 221*d + 11997. What is the remainder when -1*-2*32 - 2 is divided by q(110)?
6
Let w(j) = 40*j - 23. Suppose 0 = -4*y + 5*l + 17, y + 1 + 3 = 4*l. What is the remainder when w(y) is divided by 50?
47
Suppose -v - 380 = -6*v. Suppose 3*m + 53 = -13. Let b = m - -35. Calculate the remainder when v is divided by b.
11
Let h be 9/6*(-64)/(-12). Let o = h + -8. Suppose -5*z - 2*w + 257 = o, -3*z + 50 + 105 = w. What is the remainder when z is divided by 18?
17
Let g = 589 - 200. What is the remainder when g is divided by 125?
14
Let b be ((-46)/4)/(11/242). Let m = 274 + b. Calculate the remainder when 144 is divided by m.
18
Let n = -114 - -115. Let j be n/(-4) - 390/8. Let d = -39 - j. What is the remainder when 54 is divided by d?
4
What is the remainder when ((-1281)/147 - -9)/((-2)/(-518)) is divided by 21?
11
Suppose 10*y - 13*y = 18, o + 3*y - 133 = 0. What is the remainder when o is divided by 54?
43
Let u(t) = -4*t**3 - 141*t**2 - 38*t - 36. What is the remainder when 1285 is divided by u(-35)?
43
Let d be (1 - 10/(-3)) + (-2)/6. Suppose 16*r = d*r + 48. Suppose 0*h - 16 = -r*h. What is the remainder when 30 is divided by h?
2
Suppose -32 = -2*r + 2*y - 12, -4*y = 2*r - 50. Calculate the remainder when 119 is divided by r.
14
Suppose 43 - 239 = 4*f. Suppose -53 = s - 4*l, -2*l + 3*l = -5*s - 202. Let a = s - f. Calculate the remainder when 31 is divided by a.
7
Suppose x - 38 = 4. Let z(w) = 44 - 23*w + 0 + 42 + 69 - 6. Calculate the remainder when x is divided by z(6).
9
Let z(p) = -4*p + 21. Let a be z(6). Calculate the remainder when (a - -3 - 97)*-1 is divided by (-2)/9 + 1456/72.
17
What is the remainder when 8541 is divided by (((-14)/3)/(-7))/(114/15219)?
86
Let h = -43 + 54. Suppose 4*s - 1 = 7. Suppose s*y + 8*y = 1080. Calculate the remainder when y is divided by h.
9
Suppose -4*o - 5*z = -1, -3*o = -2*o + z + 1. Let h be (9/((-54)/12))/(3/o). Calculate the remainder when (h/7)/(6*6/4662) is divided by 19.
17
Suppose -2*o + 366 = -46. Suppose y - o = -h, -h + 4*h - 1020 = -5*y. Calculate the remainder when y is divided by 51.
48
Suppose -4*b + 88 = 144. Let o(w) = -w**2 + 12*w + 12. Calculate the remainder when o(10) is divided by -18*(b/(-6) - 3).
8
Suppose 8*s - 4*z = 11*s - 498, -2*s - 2*z + 332 = 0. Let d(y) = 8*y + 3. Calculate the remainder when s is divided by d(5).
37
Suppose -5*x + 5 = 5*l, -5*x + 6 = -l - 5. Suppose 0 = u - 2*u + x*b + 39, u = -b + 42. What is the remainder when 160 is divided by u?
37
Let s = -5370 + 5388. Calculate the remainder when 802 is divided by s.
10
Let l = -10846 + 11661. What is the remainder when l is divided by 6?
5
Let d = -451 + 271. Let h = -89 - d. Calculate the remainder when h is divided by 19.
15
Let o(u) be the first derivative of 3*u**2 - 18*u - 52. Suppose 6*f - 46 = -16. Calculate the remainder when o(f) is divided by 3.
0
Suppose -t = 15 - 42. Let m = -1114 - -1164. What is the remainder when m is divided by t?
23
Suppose -8*s - 4*p - 388 = -10*s, 4*s + 5*p = 828. Calculate the remainder when 1608 is divided by s.
194
Suppose -113*k + 72*k = -50*k + 1854. Calculate the remainder when k is divided by 183.
23
Suppose 1640 = 32*n - 27*n. Let w = n + -100. What is the remainder when w is divided by 33?
30
Let a be 4/((3 + -2)/(112/32)). Let d(h) = h**2 - 18*h + 74. Calculate the remainder when 575 is divided by d(a).
17
Suppose 24*o - 3712 = 9416. Calculate the remainder when o is divided by 179.
10
Suppose 4*n - 3*d - 139 = 0, -309*n - 173 = -314*n + 3*d. What is the remainder when 1053 is divided by n?
33
Let p(y) = -y**2 - y + 7. Let q be p(5). Let b = 31 + q. Suppose 0 = -b*j + 67 + 101. What is the remainder when 81 is divided by j?
18
Let f(p) = p**3 - 2*p**2 - 2*p + 11. Suppose 1175 = 92*s - 67*s. Calculate the remainder when f(6) is divided by s.
2
Suppose -s - 22 = -19. Let d be (-10)/(-35)*s*14/(-6). Suppose d*a - 7*a + 25 = 0. What is the remainder when a is divided by 4?
1
Let d = 6453 + -6194. What is the remainder when 6470 is divided by d?
254
Let v(g) = -3*g**2 - 16*g - 6. Let k be v(-12). Let a = -112 - k. What is the remainder when a is divided by 20?
14
Suppose m - 14 + 13 = 0. Let v be (3 - 2) + (1 + m - -1). What is the remainder when (-18 - -4)/(v/(-2)) is divided by 2?
1
Let z(v) = 3*v - 9. Let l be z(4). Suppose 0 = -2*d - 3*m + 4*m - 4, l*m = -3*d - 6. Calculate the remainder when (d/5)/((-6)/600) is divided by 21.
19
Let q(b) = 20*b - 41. Let x(o) = -o**3 - 9*o**2 + 5*o - 39. Let y be x(-10). Let w(u) = 25*u**2 + 1. What is the remainder when q(y) is divided by w(1)?
23
Suppose 19*a = 36*a - 238. Suppose 3*p + 121 = a*p. Calculate the remainder when 31 is divided by p.
9
Let k(u) = -6*u**2 - 138*u - 39. What is the remainder when k(-10) is divided by 736?
5
Calculate the remainder when (69 - 2) + 170/(-85) is divided by 13.
0
Let r = 0 - -1. Calculate the remainder when (4 - (-4 - -1))*7 is divided by (-19)/(-3 + r + 1).
11
Suppose 29*i - 2991 - 12814 = 0. What is the remainder when i is divided by 41?
12
Let o = -9476 - -9561. What is the remainder when 14786 is divided by o?
81
Let n be 5*3/((-45)/(-6)). Suppose -3*y - 31*o + 379 = -27*o, 2*y = 4*o + 266. Suppose -n*k = 33 - y. Calculate the remainder when k is divided by 26.
22
Let b be 3/(-3)*5/(-1 + -4). Let y(u) = u. Let s be y(3). Suppose 4*h - r - 29 = 0, s*h = 5*r + 25 + b. What is the remainder when 47 is divided by h?
5
Suppose -2*n + 29 = 20*l - 17*l, -103 = -4*n + 3*l. Suppose -w + n = 6. Calculate the remainder when 110 is divided by w.
14
Let k = -21 + 105. Let b(j) = j**3 - 4*j**2 + 2*j + 3. Let a be b(4). Suppose n = 2*m - a, 3*m + n = 2*n + 16. What is the remainder when k is divided by m?
4
Let g(n) = 5*n**2 + 21*n - 137. Let c be g(6). Suppose c + 54 = r. Calculate the remainder when r is divided by 25.
23
Suppose -17*n + 8087 = -6159. Let o = n - 586. What is the remainder when o is divided by 32?
28
Let r = -121 - -204. Let w(g) = 6*g**2 + 76*g - 14. What is the remainder when r is divided by w(-13)?
11
Let p(f) = f**3 + 4*f**2 + 3*f + 3. Let i be p(-3). Let c be 1/i*2 - (-24)/18. Suppose 9*l = -c*l + 88. Calculate the remainder when 13 is divided by l.
5
Suppose 943*v + 10665 - 86832 = 124*v. Let u(b) = b**3 - 7*b**2 + 2*b + 5. Calculate the remainder when v is divided by u(7).
17
Let k be -1 + 4 + 0/((-36)/6). Suppose 0 = 5*c, l - k*c - 56 = -l. What is the remainder when 2 + 0 - -111 - 8/2 is divided by l?
25
Suppose -2*o + 60 - 624 = 0. Let q = o + 339. What is the remainder when q is divided by 20?
17
Let i(f) = 70*f + 927. Calculate the remainder when i(7) is divided by 33.
31
Suppose 5*t + 21*n = 20*n + 435, -5*t + 3*n + 415 = 0. Calculate the remainder when 1132 is divided by t.
14
Suppose 4*a = 2*n - 3018, -5*a - 6 = 4*n - 6107. Suppose 31*u = n - 372. What is the remainder when 141 is divided by u?
30
Let s(z) = 80*z + 131. Let i be s(5). Let m = -527 + i. What is the remainder when m is divided by 1?
0
Suppose -21*o = -22*o + 8. Let w(g) be the first derivative of -g**2/2 + 21*g + 4. Calculate the remainder when 36 is divided by w(o).
10
Suppose -60*a + 44 = -49*a. Suppose 0 = 5*k - 2*l - 160, 5*l - 50 - 78 = -a*k. Calculate the remainder when k is divided by 21.
11
Suppose 44*c = 3989 + 11631. Suppose -5*f + c = 4*p, -62*p - 266 = -65*p - 4*f. Calculate the remainder when 176 is divided by p.
86
Suppose -41 - 358 = -19*z. Suppose 0 = -v - c + 53 + z, 2*v = 5*c + 141. Calculate the remainder when v is divided by 15.
13
Suppose 0 = 4*a - 8*a + 1416. Let v = 411 - a. What is the remainder when v is divided by 6?
3
Let k = -7179 - -7215. Let a = 196 - -451. Calculate the remainder when a is divided by k.
35
Suppose 12*x - 21*x = -17*x + 3256. What is the remainder when x is divided by 102?
101
Suppose o = -4*y + 935, -3*y + 255 = -2*y - 4*o. Let a = y + -223. Let t(p) = -2*p - 6. What is the remainder when a is divided by t(-5)?
0
Let d = -27546 + 27653. Calculate the remainder when 1430 is divided by d.
39
Suppose -3*j + 5*c = -43, 5*j + c + 3*c - 121 = 0. Let h be (-1)/2*(-16